6, what is 301534150 - 1?
301534145
In base 9, what is -64 + 1248681?
1248616
In base 7, what is -11116116162 - 2?
-11116116164
In base 16, what is 5b1 + db3?
1364
In base 11, what is -30a + 208?
-102
In base 14, what is -2 + 6aa03b?
6aa039
In base 16, what is -53369 - -24?
-53345
In base 2, what is -110110001 + -10001111000?
-11000101001
In base 13, what is 9 + -265820?
-265814
In base 8, what is -16265 + -521?
-17006
In base 10, what is -812187 - 14?
-812201
In base 12, what is -1256 + 100b2?
aa58
In base 9, what is -4 - 548100166?
-548100171
In base 5, what is -202042430 - 12?
-202042442
In base 16, what is 6d6220d - -8?
6d62215
In base 3, what is -2010111200102201012 - 1?
-2010111200102201020
In base 9, what is 480 - 2475?
-1885
In base 3, what is -11002010 + 22122202?
11120122
In base 7, what is 461604 + -151?
461423
In base 15, what is -30 + -27349c?
-2734cc
In base 16, what is -27 + -59abc?
-59ae3
In base 9, what is 25 - -17100357?
17100383
In base 5, what is 2 - -2040204112?
2040204114
In base 7, what is 125 + 2631422?
2631550
In base 8, what is -55 - 1523343?
-1523420
In base 8, what is -452 - -5065774?
5065322
In base 2, what is 10110111110000111 + -1001000111?
10110110101000000
In base 9, what is -35746743 - -3?
-35746740
In base 7, what is -440 + 33035?
32265
In base 4, what is -11 - -2121111322332?
2121111322321
In base 12, what is -5 + -6a8526?
-6a852b
In base 14, what is 16037 + 1?
16038
In base 5, what is -100424233 + 101?
-100424132
In base 6, what is 41 + 12422113?
12422154
In base 13, what is -1 + 49044c4a?
49044c49
In base 2, what is -110000001010110010111 + 11001?
-110000001010101111110
In base 10, what is 4 - 50012169?
-50012165
In base 5, what is 11034242 - 32?
11034210
In base 7, what is 46064 - -14462?
63556
In base 14, what is 59488 + 479?
59923
In base 6, what is 34 - 4243241?
-4243203
In base 13, what is 1717 - 644c?
-4a35
In base 14, what is -1c7 - -77?
-150
In base 4, what is -21302303 - -212?
-21302031
In base 10, what is -3 + 16193682?
16193679
In base 5, what is 10 + -111110101014?
-111110101004
In base 2, what is -1010011010100011111101000 + 1?
-1010011010100011111100111
In base 3, what is -1201201220112112 + 11?
-1201201220112101
In base 5, what is 3 + -104402143314?
-104402143311
In base 11, what is -6a917 + -100a?
-70926
In base 2, what is 1011101000100111111 - -10100110011?
1011101011001110010
In base 13, what is 395 - 2513?
-214b
In base 5, what is 2133222210 + -10?
2133222200
In base 5, what is -1 - -213343024?
213343023
In base 16, what is -1ff - 1f3d9?
-1f5d8
In base 13, what is -362892 + 102?
-362790
In base 14, what is -149 - -21082d?
2106c4
In base 14, what is 2 - 12bba557?
-12bba555
In base 16, what is -32d + 2ab2b?
2a7fe
In base 4, what is 20301102223 + 312?
20301103201
In base 8, what is 2 + -112443272?
-112443270
In base 12, what is -570012 - 16b?
-570181
In base 10, what is 82645 + 114?
82759
In base 6, what is 20 - 2343440?
-2343420
In base 16, what is -42d6 + 4f2?
-3de4
In base 16, what is 266 - -160e0?
16346
In base 3, what is -2122112122 - -21021010?
-2101021112
In base 12, what is 17b464b2 - -2?
17b464b4
In base 9, what is 70772 + -6115?
63656
In base 5, what is -201324400021 - -2?
-201324400014
In base 12, what is ab + -204840b?
-2048320
In base 10, what is -10 + 2879635?
2879625
In base 16, what is 5c + 53309?
53365
In base 15, what is -8 - 6aedc?
-6aee5
In base 14, what is 7 - 39c835?
-39c82c
In base 5, what is -423422323340 - -2?
-423422323333
In base 15, what is -ae54aa + -2c?
-ae54d7
In base 14, what is -c3a7 + -404?
-c7ab
In base 13, what is -2 + -390b35?
-390b37
In base 4, what is 233 - -110220100?
110220333
In base 16, what is -55d - -d637?
d0da
In base 3, what is 2120 - 112201110102101?
-112201110022211
In base 7, what is -626614 + -3016?
-632633
In base 16, what is 1131 + -1630?
-4ff
In base 12, what is 178073 - -a?
178081
In base 9, what is -102216 - 31?
-102247
In base 11, what is 284a0 + -4a1?
27aaa
In base 3, what is 1121 + -112021110120?
-112021101222
In base 3, what is -2020 + 202002210022?
202002201002
In base 12, what is -426a3 + 29b4?
-3b8ab
In base 3, what is 12 - -10112022012111?
10112022012200
In base 12, what is -b34 + -195495?
-196409
In base 15, what is 2 - d0564be?
-d0564bc
In base 9, what is -1261841 - 246?
-1262187
In base 11, what is 90263 - 8?
90256
In base 10, what is 9448391 + -5?
9448386
In base 2, what is 100 - -1011010010101010101001?
1011010010101010101101
In base 14, what is 2a45 + -a11?
2034
In base 7, what is -35432032 + -4?
-35432036
In base 3, what is -210000021201 + 221?
-210000020210
In base 12, what is -15b4b1 + 78?
-15b435
In base 14, what is -643 - 2591?
-2bd4
In base 3, what is -2022011010010 + 102?
-2022011002201
In base 10, what is 374 + -85721?
-85347
In base 6, what is 131110 + 1001?
132111
In base 14, what is -1622b2 + -2?
-1622b4
In base 13, what is -1a32 - -2c78?
1246
In base 16, what is -9df - -457b?
3b9c
In base 5, what is -10 + 30132201311?
30132201301
In base 12, what is a + -127644?
-127636
In base 11, what is -2 - 89693087?
-89693089
In base 16, what is -3 - 10e5cc3?
-10e5cc6
In base 14, what is -13b242 + -db?
-13b33d
In base 6, what is 3 - 1155323013?
-1155323010
In base 9, what is 857012355 + 2?
857012357
In base 12, what is -b8 - -aa5a?
a962
In base 9, what is 2128 - -27675?
30814
In base 3, what is 112212112 - 11222011?
100220101
In base 10, what is -231 + 1721955?
1721724
In base 11, what is -5347 - 672?
-5a09
In base 14, what is -24da - -54761?
52265
In base 8, what is 24744007621 - 3?
24744007616
In base 15, what is -33cc + -5bb6?
-9093
In base 10, what is -4505 + -892?
-5397
In base 3, what is 1022020 - -1002110212?
1010210002
In base 2, what is -1001110101000001110001010 + -1?
-1001110101000001110001011
In base 7, what is 2334 + -1366116?
-1363452
In base 2, what is -1010 - 1101111111100000101?
-1101111111100001111
In base 9, what is 23777045 - -3?
23777048
In base 8, what is 344 + -41250?
-40704
In base 12, what is -4 - -1b14541?
1b14539
In base 5, what is 33310042212 - -3?
33310042220
In base 11, what is 558561 + -237?
558325
In base 9, what is 66 - -12417028?
12417105
In base 13, what is 3338b3 + -352?
333561
In base 6, what is 215503123 - -445?
215504012
In base 16, what is 220aa40 - -9?
220aa49
In base 15, what is -2ec - -1b111?
1ad14
In base 6, what is -411 - -12245421?
12245010
In base 9, what is 6 + -326330?
-326323
In base 2, what is -11110100100101000001110 - -101101?
-11110100100100111100001
In base 5, what is 4141 + -210101143?
-210042002
In base 2, what is 1110 + 11101111111100110110?
11101111111101000100
In base 4, what is -2301 - 33320320?
-33323221
In base 11, what is -1442a1a + 5?
-1442a15
In base 15, what is 383 + -3c389?
-3c006
In base 16, what is -10a0 - -23404?
22364
In base 11, what is -3875956 - -3?
-3875953
In base 2, what is -11001 - 1000101011100101001?
-1000101011101000010
In base 4, what is -1 - -323232103123?
323232103122
In base 11, what is -43671 + 36?
-43636
In base 11, what is -146a - -6524?
5065
In base 5, what is 1210 - -2124114?
2130324
In base 15, what is 1520d + 102?
15310
In base 9, what is -13722 - 7016?
-21738
In base 14, what is -262 - 111500?
-111762
In base 6, what is -2 - -1115320423?
1115320421
In base 5, what is -1202321030 - -34?
-1202320441
In base 8, what is 2 + 4726612?
4726614
In base 5, what is 3 + -30203413424?
-30203413421
In base 3, what is 2101 + 1102102010011?
1102102012112
In base 5, what is 123 - 422441040?
-422440412
In base 9, what is 3 - 14310665?
-14310662
In base 4, what is -12 - -320123023220?
320123023202
In base 15, what is -4ceae1 - -1?
-4ceae0
In base 12, what is -3 - -181ab981?
181ab97a
In base 6, what is -115323 - 202420?
-322143
In base 5, what is 411214131 + 1430?
411221111
In base 5, what is -1442302 - 20?
-1442322
In base 13, what is 173bb8c - 25?
173bb67
In base 3, what is 12 + 210120012121?
210120012210
In base 11, what is -138a6 - -3345?
-10561
In base 7, what is 426003 - -300?
426303
In base 7, what is -546 - 215346?
-216225
In base 8, what is -30644 - -413?
-30231
In base 15, what is -2 - -d7b52ee?
d7b52ec
In base 4, what is 3023220 + 2103201?
11133021
In base 16, what is -e6f01 - fc?
-e6ffd
In base 11, what is -3 + 169114?
169111
In ba